{"id":391,"date":"2022-03-22T16:40:58","date_gmt":"2022-03-22T15:40:58","guid":{"rendered":"http:\/\/hautlanguedocprecision.fr\/?page_id=391"},"modified":"2024-05-28T16:46:15","modified_gmt":"2024-05-28T14:46:15","slug":"savoir-faire","status":"publish","type":"page","link":"https:\/\/hautlanguedocprecision.fr\/index.php\/savoir-faire\/","title":{"rendered":"savoir-faire"},"content":{"rendered":"\t\t<div data-elementor-type=\"wp-page\" data-elementor-id=\"391\" class=\"elementor elementor-391\">\n\t\t\t\t\t\t\t\t\t<section class=\"elementor-section elementor-top-section elementor-element elementor-element-851104c elementor-section-boxed elementor-section-height-default elementor-section-height-default\" data-id=\"851104c\" data-element_type=\"section\">\n\t\t\t\t\t\t<div class=\"elementor-container elementor-column-gap-default\">\n\t\t\t\t\t<div class=\"elementor-column elementor-col-100 elementor-top-column elementor-element elementor-element-daff3f4\" data-id=\"daff3f4\" data-element_type=\"column\">\n\t\t\t<div class=\"elementor-widget-wrap elementor-element-populated\">\n\t\t\t\t\t\t\t\t<div class=\"elementor-element elementor-element-d88d315 elementor-widget elementor-widget-heading\" data-id=\"d88d315\" data-element_type=\"widget\" data-widget_type=\"heading.default\">\n\t\t\t\t<div class=\"elementor-widget-container\">\n\t\t\t<style>\/*! elementor - v3.6.5 - 27-04-2022 *\/\n.elementor-heading-title{padding:0;margin:0;line-height:1}.elementor-widget-heading .elementor-heading-title[class*=elementor-size-]>a{color:inherit;font-size:inherit;line-height:inherit}.elementor-widget-heading .elementor-heading-title.elementor-size-small{font-size:15px}.elementor-widget-heading .elementor-heading-title.elementor-size-medium{font-size:19px}.elementor-widget-heading .elementor-heading-title.elementor-size-large{font-size:29px}.elementor-widget-heading .elementor-heading-title.elementor-size-xl{font-size:39px}.elementor-widget-heading .elementor-heading-title.elementor-size-xxl{font-size:59px}<\/style><h2 class=\"elementor-heading-title elementor-size-default\">Savoir-faire &amp; r\u00e9alisations<\/h2>\t\t<\/div>\n\t\t\t\t<\/div>\n\t\t\t\t\t<\/div>\n\t\t<\/div>\n\t\t\t\t\t\t\t<\/div>\n\t\t<\/section>\n\t\t\t\t<section class=\"elementor-section elementor-top-section elementor-element elementor-element-555ecde elementor-section-boxed elementor-section-height-default elementor-section-height-default\" data-id=\"555ecde\" data-element_type=\"section\">\n\t\t\t\t\t\t<div class=\"elementor-container elementor-column-gap-default\">\n\t\t\t\t\t<div class=\"elementor-column elementor-col-100 elementor-top-column elementor-element elementor-element-e2366dc\" data-id=\"e2366dc\" data-element_type=\"column\">\n\t\t\t<div class=\"elementor-widget-wrap elementor-element-populated\">\n\t\t\t\t\t\t\t\t<div class=\"elementor-element elementor-element-4fbdb2a elementor-widget elementor-widget-spacer\" data-id=\"4fbdb2a\" data-element_type=\"widget\" data-widget_type=\"spacer.default\">\n\t\t\t\t<div class=\"elementor-widget-container\">\n\t\t\t<style>\/*! elementor - v3.6.5 - 27-04-2022 *\/\n.e-container.e-container--row .elementor-spacer-inner{width:var(--spacer-size)}.e-container.e-container--column .elementor-spacer-inner,.elementor-column .elementor-spacer-inner{height:var(--spacer-size)}<\/style>\t\t<div class=\"elementor-spacer\">\n\t\t\t<div class=\"elementor-spacer-inner\"><\/div>\n\t\t<\/div>\n\t\t\t\t<\/div>\n\t\t\t\t<\/div>\n\t\t\t\t\t<\/div>\n\t\t<\/div>\n\t\t\t\t\t\t\t<\/div>\n\t\t<\/section>\n\t\t\t\t<section class=\"elementor-section elementor-top-section elementor-element elementor-element-cafaba2 elementor-section-boxed elementor-section-height-default elementor-section-height-default\" data-id=\"cafaba2\" data-element_type=\"section\">\n\t\t\t\t\t\t<div class=\"elementor-container elementor-column-gap-default\">\n\t\t\t\t\t<div class=\"elementor-column elementor-col-100 elementor-top-column elementor-element elementor-element-253f7e1\" data-id=\"253f7e1\" data-element_type=\"column\">\n\t\t\t<div class=\"elementor-widget-wrap elementor-element-populated\">\n\t\t\t\t\t\t\t\t<div class=\"elementor-element elementor-element-0771373 elementor-widget elementor-widget-text-editor\" data-id=\"0771373\" data-element_type=\"widget\" data-widget_type=\"text-editor.default\">\n\t\t\t\t<div class=\"elementor-widget-container\">\n\t\t\t<style>\/*! elementor - v3.6.5 - 27-04-2022 *\/\n.elementor-widget-text-editor.elementor-drop-cap-view-stacked .elementor-drop-cap{background-color:#818a91;color:#fff}.elementor-widget-text-editor.elementor-drop-cap-view-framed .elementor-drop-cap{color:#818a91;border:3px solid;background-color:transparent}.elementor-widget-text-editor:not(.elementor-drop-cap-view-default) .elementor-drop-cap{margin-top:8px}.elementor-widget-text-editor:not(.elementor-drop-cap-view-default) .elementor-drop-cap-letter{width:1em;height:1em}.elementor-widget-text-editor .elementor-drop-cap{float:left;text-align:center;line-height:1;font-size:50px}.elementor-widget-text-editor .elementor-drop-cap-letter{display:inline-block}<\/style>\t\t\t\t<p>Sur cette page, vous trouverez un aper\u00e7u de nos r\u00e9alisations<\/p><p>Diff\u00e9rentes mati\u00e8res, diff\u00e9rentes exigences pour diff\u00e9rents secteurs d&rsquo;activit\u00e9s<\/p>\t\t\t\t\t\t<\/div>\n\t\t\t\t<\/div>\n\t\t\t\t\t<\/div>\n\t\t<\/div>\n\t\t\t\t\t\t\t<\/div>\n\t\t<\/section>\n\t\t\t\t<section class=\"elementor-section elementor-top-section elementor-element elementor-element-fb27cac elementor-section-boxed elementor-section-height-default elementor-section-height-default\" data-id=\"fb27cac\" data-element_type=\"section\">\n\t\t\t\t\t\t<div class=\"elementor-container elementor-column-gap-default\">\n\t\t\t\t\t<div class=\"elementor-column elementor-col-100 elementor-top-column elementor-element elementor-element-fab0500\" data-id=\"fab0500\" data-element_type=\"column\">\n\t\t\t<div class=\"elementor-widget-wrap elementor-element-populated\">\n\t\t\t\t\t\t\t\t<div class=\"elementor-element elementor-element-d2ba4b8 elementor-widget elementor-widget-spacer\" data-id=\"d2ba4b8\" data-element_type=\"widget\" data-widget_type=\"spacer.default\">\n\t\t\t\t<div class=\"elementor-widget-container\">\n\t\t\t\t\t<div class=\"elementor-spacer\">\n\t\t\t<div class=\"elementor-spacer-inner\"><\/div>\n\t\t<\/div>\n\t\t\t\t<\/div>\n\t\t\t\t<\/div>\n\t\t\t\t\t<\/div>\n\t\t<\/div>\n\t\t\t\t\t\t\t<\/div>\n\t\t<\/section>\n\t\t\t\t<section class=\"elementor-section elementor-top-section elementor-element elementor-element-60da062 elementor-section-boxed elementor-section-height-default elementor-section-height-default\" data-id=\"60da062\" data-element_type=\"section\">\n\t\t\t\t\t\t<div class=\"elementor-container elementor-column-gap-default\">\n\t\t\t\t\t<div class=\"elementor-column elementor-col-33 elementor-top-column elementor-element elementor-element-c484f92\" data-id=\"c484f92\" data-element_type=\"column\">\n\t\t\t<div class=\"elementor-widget-wrap elementor-element-populated\">\n\t\t\t\t\t\t\t\t<div class=\"elementor-element elementor-element-c5b3239 elementor-widget elementor-widget-image\" data-id=\"c5b3239\" data-element_type=\"widget\" data-widget_type=\"image.default\">\n\t\t\t\t<div class=\"elementor-widget-container\">\n\t\t\t<style>\/*! elementor - v3.6.5 - 27-04-2022 *\/\n.elementor-widget-image{text-align:center}.elementor-widget-image a{display:inline-block}.elementor-widget-image a img[src$=\".svg\"]{width:48px}.elementor-widget-image img{vertical-align:middle;display:inline-block}<\/style>\t\t\t\t\t\t\t\t\t\t\t\t<img width=\"768\" height=\"768\" src=\"https:\/\/hautlanguedocprecision.fr\/wp-content\/uploads\/2022\/03\/IMG_0445-768x768.jpg\" class=\"attachment-medium_large size-medium_large\" alt=\"\" loading=\"lazy\" srcset=\"https:\/\/hautlanguedocprecision.fr\/wp-content\/uploads\/2022\/03\/IMG_0445-768x768.jpg 768w, https:\/\/hautlanguedocprecision.fr\/wp-content\/uploads\/2022\/03\/IMG_0445-300x300.jpg 300w, https:\/\/hautlanguedocprecision.fr\/wp-content\/uploads\/2022\/03\/IMG_0445-1024x1024.jpg 1024w, https:\/\/hautlanguedocprecision.fr\/wp-content\/uploads\/2022\/03\/IMG_0445-150x150.jpg 150w, https:\/\/hautlanguedocprecision.fr\/wp-content\/uploads\/2022\/03\/IMG_0445-1536x1536.jpg 1536w, https:\/\/hautlanguedocprecision.fr\/wp-content\/uploads\/2022\/03\/IMG_0445-2048x2048.jpg 2048w\" sizes=\"(max-width: 768px) 100vw, 768px\" \/>\t\t\t\t\t\t\t\t\t\t\t\t\t\t\t<\/div>\n\t\t\t\t<\/div>\n\t\t\t\t\t<\/div>\n\t\t<\/div>\n\t\t\t\t<div class=\"elementor-column elementor-col-33 elementor-top-column elementor-element elementor-element-4f03f13\" data-id=\"4f03f13\" data-element_type=\"column\">\n\t\t\t<div class=\"elementor-widget-wrap elementor-element-populated\">\n\t\t\t\t\t\t\t\t<div class=\"elementor-element elementor-element-048b5e5 elementor-widget elementor-widget-image\" data-id=\"048b5e5\" data-element_type=\"widget\" data-widget_type=\"image.default\">\n\t\t\t\t<div class=\"elementor-widget-container\">\n\t\t\t\t\t\t\t\t\t\t\t\t\t\t\t<img width=\"768\" height=\"768\" src=\"https:\/\/hautlanguedocprecision.fr\/wp-content\/uploads\/2022\/03\/IMG_0448-768x768.jpg\" class=\"attachment-medium_large size-medium_large\" alt=\"\" loading=\"lazy\" srcset=\"https:\/\/hautlanguedocprecision.fr\/wp-content\/uploads\/2022\/03\/IMG_0448-768x768.jpg 768w, https:\/\/hautlanguedocprecision.fr\/wp-content\/uploads\/2022\/03\/IMG_0448-300x300.jpg 300w, https:\/\/hautlanguedocprecision.fr\/wp-content\/uploads\/2022\/03\/IMG_0448-1024x1024.jpg 1024w, https:\/\/hautlanguedocprecision.fr\/wp-content\/uploads\/2022\/03\/IMG_0448-150x150.jpg 150w, https:\/\/hautlanguedocprecision.fr\/wp-content\/uploads\/2022\/03\/IMG_0448-1536x1536.jpg 1536w, https:\/\/hautlanguedocprecision.fr\/wp-content\/uploads\/2022\/03\/IMG_0448-2048x2048.jpg 2048w\" sizes=\"(max-width: 768px) 100vw, 768px\" \/>\t\t\t\t\t\t\t\t\t\t\t\t\t\t\t<\/div>\n\t\t\t\t<\/div>\n\t\t\t\t\t<\/div>\n\t\t<\/div>\n\t\t\t\t<div class=\"elementor-column elementor-col-33 elementor-top-column elementor-element elementor-element-18dae3c\" data-id=\"18dae3c\" data-element_type=\"column\">\n\t\t\t<div class=\"elementor-widget-wrap elementor-element-populated\">\n\t\t\t\t\t\t\t\t<div class=\"elementor-element elementor-element-49f09b6 elementor-widget elementor-widget-image\" data-id=\"49f09b6\" data-element_type=\"widget\" data-widget_type=\"image.default\">\n\t\t\t\t<div class=\"elementor-widget-container\">\n\t\t\t\t\t\t\t\t\t\t\t\t\t\t\t<img width=\"768\" height=\"767\" src=\"https:\/\/hautlanguedocprecision.fr\/wp-content\/uploads\/2022\/03\/IMG_2523-768x767.jpg\" class=\"attachment-medium_large size-medium_large\" alt=\"\" loading=\"lazy\" srcset=\"https:\/\/hautlanguedocprecision.fr\/wp-content\/uploads\/2022\/03\/IMG_2523-768x767.jpg 768w, https:\/\/hautlanguedocprecision.fr\/wp-content\/uploads\/2022\/03\/IMG_2523-300x300.jpg 300w, https:\/\/hautlanguedocprecision.fr\/wp-content\/uploads\/2022\/03\/IMG_2523-1024x1024.jpg 1024w, https:\/\/hautlanguedocprecision.fr\/wp-content\/uploads\/2022\/03\/IMG_2523-150x150.jpg 150w, https:\/\/hautlanguedocprecision.fr\/wp-content\/uploads\/2022\/03\/IMG_2523-1536x1536.jpg 1536w, https:\/\/hautlanguedocprecision.fr\/wp-content\/uploads\/2022\/03\/IMG_2523-2048x2046.jpg 2048w\" sizes=\"(max-width: 768px) 100vw, 768px\" \/>\t\t\t\t\t\t\t\t\t\t\t\t\t\t\t<\/div>\n\t\t\t\t<\/div>\n\t\t\t\t\t<\/div>\n\t\t<\/div>\n\t\t\t\t\t\t\t<\/div>\n\t\t<\/section>\n\t\t\t\t<section class=\"elementor-section elementor-top-section elementor-element elementor-element-8b904d5 elementor-section-boxed elementor-section-height-default elementor-section-height-default\" data-id=\"8b904d5\" data-element_type=\"section\">\n\t\t\t\t\t\t<div class=\"elementor-container elementor-column-gap-default\">\n\t\t\t\t\t<div class=\"elementor-column elementor-col-33 elementor-top-column elementor-element elementor-element-5311fcd\" data-id=\"5311fcd\" data-element_type=\"column\">\n\t\t\t<div class=\"elementor-widget-wrap elementor-element-populated\">\n\t\t\t\t\t\t\t\t<div class=\"elementor-element elementor-element-7078fae elementor-widget elementor-widget-image\" data-id=\"7078fae\" data-element_type=\"widget\" data-widget_type=\"image.default\">\n\t\t\t\t<div class=\"elementor-widget-container\">\n\t\t\t\t\t\t\t\t\t\t\t\t\t\t\t<img width=\"768\" height=\"768\" src=\"https:\/\/hautlanguedocprecision.fr\/wp-content\/uploads\/2022\/03\/IMG_2524-768x768.jpg\" class=\"attachment-medium_large size-medium_large\" alt=\"\" loading=\"lazy\" srcset=\"https:\/\/hautlanguedocprecision.fr\/wp-content\/uploads\/2022\/03\/IMG_2524-768x768.jpg 768w, https:\/\/hautlanguedocprecision.fr\/wp-content\/uploads\/2022\/03\/IMG_2524-300x300.jpg 300w, https:\/\/hautlanguedocprecision.fr\/wp-content\/uploads\/2022\/03\/IMG_2524-1024x1024.jpg 1024w, https:\/\/hautlanguedocprecision.fr\/wp-content\/uploads\/2022\/03\/IMG_2524-150x150.jpg 150w, https:\/\/hautlanguedocprecision.fr\/wp-content\/uploads\/2022\/03\/IMG_2524-1536x1536.jpg 1536w, https:\/\/hautlanguedocprecision.fr\/wp-content\/uploads\/2022\/03\/IMG_2524-2048x2048.jpg 2048w\" sizes=\"(max-width: 768px) 100vw, 768px\" \/>\t\t\t\t\t\t\t\t\t\t\t\t\t\t\t<\/div>\n\t\t\t\t<\/div>\n\t\t\t\t\t<\/div>\n\t\t<\/div>\n\t\t\t\t<div class=\"elementor-column elementor-col-33 elementor-top-column elementor-element elementor-element-46bd726\" data-id=\"46bd726\" data-element_type=\"column\">\n\t\t\t<div class=\"elementor-widget-wrap elementor-element-populated\">\n\t\t\t\t\t\t\t\t<div class=\"elementor-element elementor-element-4977383 elementor-widget elementor-widget-image\" data-id=\"4977383\" data-element_type=\"widget\" data-widget_type=\"image.default\">\n\t\t\t\t<div class=\"elementor-widget-container\">\n\t\t\t\t\t\t\t\t\t\t\t\t\t\t\t<img width=\"768\" height=\"767\" src=\"https:\/\/hautlanguedocprecision.fr\/wp-content\/uploads\/2022\/03\/IMG_4909-768x767.jpg\" class=\"attachment-medium_large size-medium_large\" alt=\"\" loading=\"lazy\" srcset=\"https:\/\/hautlanguedocprecision.fr\/wp-content\/uploads\/2022\/03\/IMG_4909-768x767.jpg 768w, https:\/\/hautlanguedocprecision.fr\/wp-content\/uploads\/2022\/03\/IMG_4909-300x300.jpg 300w, https:\/\/hautlanguedocprecision.fr\/wp-content\/uploads\/2022\/03\/IMG_4909-1024x1024.jpg 1024w, https:\/\/hautlanguedocprecision.fr\/wp-content\/uploads\/2022\/03\/IMG_4909-150x150.jpg 150w, https:\/\/hautlanguedocprecision.fr\/wp-content\/uploads\/2022\/03\/IMG_4909-1536x1536.jpg 1536w, https:\/\/hautlanguedocprecision.fr\/wp-content\/uploads\/2022\/03\/IMG_4909-2048x2046.jpg 2048w\" sizes=\"(max-width: 768px) 100vw, 768px\" \/>\t\t\t\t\t\t\t\t\t\t\t\t\t\t\t<\/div>\n\t\t\t\t<\/div>\n\t\t\t\t\t<\/div>\n\t\t<\/div>\n\t\t\t\t<div class=\"elementor-column elementor-col-33 elementor-top-column elementor-element elementor-element-24e5838\" data-id=\"24e5838\" data-element_type=\"column\">\n\t\t\t<div class=\"elementor-widget-wrap elementor-element-populated\">\n\t\t\t\t\t\t\t\t<div class=\"elementor-element elementor-element-7d64f23 elementor-widget elementor-widget-image\" data-id=\"7d64f23\" data-element_type=\"widget\" data-widget_type=\"image.default\">\n\t\t\t\t<div class=\"elementor-widget-container\">\n\t\t\t\t\t\t\t\t\t\t\t\t\t\t\t<img width=\"768\" height=\"768\" src=\"https:\/\/hautlanguedocprecision.fr\/wp-content\/uploads\/2022\/03\/IMG_4911-768x768.jpg\" class=\"attachment-medium_large size-medium_large\" alt=\"\" loading=\"lazy\" srcset=\"https:\/\/hautlanguedocprecision.fr\/wp-content\/uploads\/2022\/03\/IMG_4911-768x768.jpg 768w, https:\/\/hautlanguedocprecision.fr\/wp-content\/uploads\/2022\/03\/IMG_4911-300x300.jpg 300w, https:\/\/hautlanguedocprecision.fr\/wp-content\/uploads\/2022\/03\/IMG_4911-1024x1024.jpg 1024w, https:\/\/hautlanguedocprecision.fr\/wp-content\/uploads\/2022\/03\/IMG_4911-150x150.jpg 150w, https:\/\/hautlanguedocprecision.fr\/wp-content\/uploads\/2022\/03\/IMG_4911-1536x1536.jpg 1536w, https:\/\/hautlanguedocprecision.fr\/wp-content\/uploads\/2022\/03\/IMG_4911-2048x2048.jpg 2048w\" sizes=\"(max-width: 768px) 100vw, 768px\" \/>\t\t\t\t\t\t\t\t\t\t\t\t\t\t\t<\/div>\n\t\t\t\t<\/div>\n\t\t\t\t\t<\/div>\n\t\t<\/div>\n\t\t\t\t\t\t\t<\/div>\n\t\t<\/section>\n\t\t\t\t<section class=\"elementor-section elementor-top-section elementor-element elementor-element-2f7505f elementor-section-boxed elementor-section-height-default elementor-section-height-default\" data-id=\"2f7505f\" data-element_type=\"section\">\n\t\t\t\t\t\t<div class=\"elementor-container elementor-column-gap-default\">\n\t\t\t\t\t<div class=\"elementor-column elementor-col-33 elementor-top-column elementor-element elementor-element-a919dc8\" data-id=\"a919dc8\" data-element_type=\"column\">\n\t\t\t<div class=\"elementor-widget-wrap elementor-element-populated\">\n\t\t\t\t\t\t\t\t<div class=\"elementor-element elementor-element-50f278a elementor-widget elementor-widget-image\" data-id=\"50f278a\" data-element_type=\"widget\" data-widget_type=\"image.default\">\n\t\t\t\t<div class=\"elementor-widget-container\">\n\t\t\t\t\t\t\t\t\t\t\t\t\t\t\t<img width=\"768\" height=\"768\" src=\"https:\/\/hautlanguedocprecision.fr\/wp-content\/uploads\/2022\/03\/IMG_0964-768x768.jpg\" class=\"attachment-medium_large size-medium_large\" alt=\"\" loading=\"lazy\" srcset=\"https:\/\/hautlanguedocprecision.fr\/wp-content\/uploads\/2022\/03\/IMG_0964-768x768.jpg 768w, https:\/\/hautlanguedocprecision.fr\/wp-content\/uploads\/2022\/03\/IMG_0964-300x300.jpg 300w, https:\/\/hautlanguedocprecision.fr\/wp-content\/uploads\/2022\/03\/IMG_0964-150x150.jpg 150w, https:\/\/hautlanguedocprecision.fr\/wp-content\/uploads\/2022\/03\/IMG_0964.jpg 1017w\" sizes=\"(max-width: 768px) 100vw, 768px\" \/>\t\t\t\t\t\t\t\t\t\t\t\t\t\t\t<\/div>\n\t\t\t\t<\/div>\n\t\t\t\t\t<\/div>\n\t\t<\/div>\n\t\t\t\t<div class=\"elementor-column elementor-col-33 elementor-top-column elementor-element elementor-element-e0b7d09\" data-id=\"e0b7d09\" data-element_type=\"column\">\n\t\t\t<div class=\"elementor-widget-wrap elementor-element-populated\">\n\t\t\t\t\t\t\t\t<div class=\"elementor-element elementor-element-0ff2bc9 elementor-widget elementor-widget-image\" data-id=\"0ff2bc9\" data-element_type=\"widget\" data-widget_type=\"image.default\">\n\t\t\t\t<div class=\"elementor-widget-container\">\n\t\t\t\t\t\t\t\t\t\t\t\t\t\t\t<img width=\"768\" height=\"767\" src=\"https:\/\/hautlanguedocprecision.fr\/wp-content\/uploads\/2022\/03\/IMG_0963-768x767.jpg\" class=\"attachment-medium_large size-medium_large\" alt=\"\" loading=\"lazy\" srcset=\"https:\/\/hautlanguedocprecision.fr\/wp-content\/uploads\/2022\/03\/IMG_0963-768x767.jpg 768w, https:\/\/hautlanguedocprecision.fr\/wp-content\/uploads\/2022\/03\/IMG_0963-300x300.jpg 300w, https:\/\/hautlanguedocprecision.fr\/wp-content\/uploads\/2022\/03\/IMG_0963-1024x1024.jpg 1024w, https:\/\/hautlanguedocprecision.fr\/wp-content\/uploads\/2022\/03\/IMG_0963-150x150.jpg 150w, https:\/\/hautlanguedocprecision.fr\/wp-content\/uploads\/2022\/03\/IMG_0963.jpg 1053w\" sizes=\"(max-width: 768px) 100vw, 768px\" \/>\t\t\t\t\t\t\t\t\t\t\t\t\t\t\t<\/div>\n\t\t\t\t<\/div>\n\t\t\t\t\t<\/div>\n\t\t<\/div>\n\t\t\t\t<div class=\"elementor-column elementor-col-33 elementor-top-column elementor-element elementor-element-bb44fbb\" data-id=\"bb44fbb\" data-element_type=\"column\">\n\t\t\t<div class=\"elementor-widget-wrap elementor-element-populated\">\n\t\t\t\t\t\t\t\t<div class=\"elementor-element elementor-element-3060aef elementor-widget elementor-widget-image\" data-id=\"3060aef\" data-element_type=\"widget\" data-widget_type=\"image.default\">\n\t\t\t\t<div class=\"elementor-widget-container\">\n\t\t\t\t\t\t\t\t\t\t\t\t\t\t\t<img width=\"768\" height=\"768\" src=\"https:\/\/hautlanguedocprecision.fr\/wp-content\/uploads\/2022\/03\/IMG_2527-768x768.jpg\" class=\"attachment-medium_large size-medium_large\" alt=\"\" loading=\"lazy\" srcset=\"https:\/\/hautlanguedocprecision.fr\/wp-content\/uploads\/2022\/03\/IMG_2527-768x768.jpg 768w, https:\/\/hautlanguedocprecision.fr\/wp-content\/uploads\/2022\/03\/IMG_2527-300x300.jpg 300w, https:\/\/hautlanguedocprecision.fr\/wp-content\/uploads\/2022\/03\/IMG_2527-1024x1024.jpg 1024w, https:\/\/hautlanguedocprecision.fr\/wp-content\/uploads\/2022\/03\/IMG_2527-150x150.jpg 150w, https:\/\/hautlanguedocprecision.fr\/wp-content\/uploads\/2022\/03\/IMG_2527-1536x1536.jpg 1536w, https:\/\/hautlanguedocprecision.fr\/wp-content\/uploads\/2022\/03\/IMG_2527-2048x2048.jpg 2048w\" sizes=\"(max-width: 768px) 100vw, 768px\" \/>\t\t\t\t\t\t\t\t\t\t\t\t\t\t\t<\/div>\n\t\t\t\t<\/div>\n\t\t\t\t\t<\/div>\n\t\t<\/div>\n\t\t\t\t\t\t\t<\/div>\n\t\t<\/section>\n\t\t\t\t\t\t\t<\/div>\n\t\t","protected":false},"excerpt":{"rendered":"<p>Savoir-faire &amp; r\u00e9alisations Sur cette page, vous trouverez un aper\u00e7u de nos r\u00e9alisations Diff\u00e9rentes mati\u00e8res, diff\u00e9rentes exigences pour diff\u00e9rents secteurs d&rsquo;activit\u00e9s<\/p>\n","protected":false},"author":1,"featured_media":0,"parent":0,"menu_order":0,"comment_status":"closed","ping_status":"closed","template":"page-templates\/template-pagebuilder-full-width.php","meta":{"neve_meta_sidebar":"","neve_meta_container":"","neve_meta_enable_content_width":"","neve_meta_content_width":0,"neve_meta_title_alignment":"","neve_meta_author_avatar":"","neve_post_elements_order":"","neve_meta_disable_header":"","neve_meta_disable_footer":"","neve_meta_disable_title":"","_ti_tpc_template_sync":false,"_ti_tpc_template_id":""},"_links":{"self":[{"href":"https:\/\/hautlanguedocprecision.fr\/index.php\/wp-json\/wp\/v2\/pages\/391"}],"collection":[{"href":"https:\/\/hautlanguedocprecision.fr\/index.php\/wp-json\/wp\/v2\/pages"}],"about":[{"href":"https:\/\/hautlanguedocprecision.fr\/index.php\/wp-json\/wp\/v2\/types\/page"}],"author":[{"embeddable":true,"href":"https:\/\/hautlanguedocprecision.fr\/index.php\/wp-json\/wp\/v2\/users\/1"}],"replies":[{"embeddable":true,"href":"https:\/\/hautlanguedocprecision.fr\/index.php\/wp-json\/wp\/v2\/comments?post=391"}],"version-history":[{"count":13,"href":"https:\/\/hautlanguedocprecision.fr\/index.php\/wp-json\/wp\/v2\/pages\/391\/revisions"}],"predecessor-version":[{"id":475,"href":"https:\/\/hautlanguedocprecision.fr\/index.php\/wp-json\/wp\/v2\/pages\/391\/revisions\/475"}],"wp:attachment":[{"href":"https:\/\/hautlanguedocprecision.fr\/index.php\/wp-json\/wp\/v2\/media?parent=391"}],"curies":[{"name":"wp","href":"https:\/\/api.w.org\/{rel}","templated":true}]}}